{"id":2,"date":"2014-09-05T08:17:34","date_gmt":"2014-09-05T07:17:34","guid":{"rendered":"https:\/\/esmer-academy.org\/new\/?page_id=2"},"modified":"2021-05-17T13:16:56","modified_gmt":"2021-05-17T12:16:56","slug":"page-d-exemple","status":"publish","type":"page","link":"https:\/\/esmer-academy.org\/new\/page-d-exemple\/","title":{"rendered":"Page accueil"},"content":{"rendered":"\t\t<div data-elementor-type=\"wp-page\" data-elementor-id=\"2\" class=\"elementor elementor-2\">\n\t\t\t\t\t\t<div class=\"elementor-inner\">\n\t\t\t\t<div class=\"elementor-section-wrap\">\n\t\t\t\t\t\t\t\t\t<section class=\"elementor-section elementor-top-section elementor-element elementor-element-63ec91d3 elementor-section-boxed elementor-section-height-default elementor-section-height-default\" data-id=\"63ec91d3\" data-element_type=\"section\">\n\t\t\t\t\t\t<div class=\"elementor-container elementor-column-gap-default\">\n\t\t\t\t\t\t\t<div class=\"elementor-row\">\n\t\t\t\t\t<div class=\"elementor-column elementor-col-100 elementor-top-column elementor-element elementor-element-49974818\" data-id=\"49974818\" data-element_type=\"column\">\n\t\t\t<div class=\"elementor-column-wrap elementor-element-populated\">\n\t\t\t\t\t\t\t<div class=\"elementor-widget-wrap\">\n\t\t\t\t\t\t<div class=\"elementor-element elementor-element-a78a103 elementor-widget elementor-widget-text-editor\" data-id=\"a78a103\" data-element_type=\"widget\" data-widget_type=\"text-editor.default\">\n\t\t\t\t<div class=\"elementor-widget-container\">\n\t\t\t\t\t\t\t\t<div class=\"elementor-text-editor elementor-clearfix\">\n\t\t\t\t<p>Voici un exemple de page. Elle est diff\u00e9rente d&rsquo;un article de blog, en cela qu&rsquo;elle restera \u00e0 la m\u00eame place, et s&rsquo;affichera dans le menu de navigation de votre site (en fonction de votre th\u00e8me). La plupart des gens commencent par \u00e9crire une page \u00ab \u00c0 Propos \u00bb qui les pr\u00e9sente aux visiteurs potentiels du site. Vous pourriez y \u00e9crire quelque chose de ce tenant :<\/p>\n<blockquote>\n<p>Bonjour ! Je suis un m\u00e9canicien qui aspire \u00e0 devenir un acteur, et voici mon blog. J&rsquo;habite \u00e0 Bordeaux, j&rsquo;ai un super chien baptis\u00e9 Russell, et j&rsquo;aime la vodka-ananas .<\/p>\n<\/blockquote>\n<p>&#8230;ou bien quelque chose comme \u00e7a :<\/p>\n<blockquote>\n<p>La soci\u00e9t\u00e9 123 Machin Truc a \u00e9t\u00e9 cr\u00e9\u00e9e en 1971, et n&rsquo;a cess\u00e9 de proposer au public des machins-trucs de qualit\u00e9 depuis lors. Situ\u00e9e \u00e0 Saint-Remy-en-Bouzemont-Saint-Genest-et-Isson, 123 Machin Truc emploie 2 000 personnes, et fabrique toutes sortes de bidules super pour la communaut\u00e9 bouzemontoise.<\/p>\n<\/blockquote>\n<p>\u00c9tant donn\u00e9 que vous \u00eates un nouvel utilisateur de WordPress, vous devriez vous rendre sur votre <a href=\"http:\/\/kobodayn.fr\/wordpress\/wp-admin\/\">tableau de bord<\/a> pour effacer la pr\u00e9sente page, et cr\u00e9er de nouvelles pages avec votre propre contenu. Amusez-vous bien !<\/p>\n<p><!-- wp:elementor\/template \/--><\/p>\t\t\t\t\t<\/div>\n\t\t\t\t\t\t<\/div>\n\t\t\t\t<\/div>\n\t\t\t\t\t\t<\/div>\n\t\t\t\t\t<\/div>\n\t\t<\/div>\n\t\t\t\t\t\t\t\t<\/div>\n\t\t\t\t\t<\/div>\n\t\t<\/section>\n\t\t\t\t<section class=\"elementor-section elementor-top-section elementor-element elementor-element-5168625 elementor-section-boxed elementor-section-height-default elementor-section-height-default\" data-id=\"5168625\" data-element_type=\"section\">\n\t\t\t\t\t\t<div class=\"elementor-container elementor-column-gap-default\">\n\t\t\t\t\t\t\t<div class=\"elementor-row\">\n\t\t\t\t\t<div class=\"elementor-column elementor-col-100 elementor-top-column elementor-element elementor-element-7edd653\" data-id=\"7edd653\" data-element_type=\"column\">\n\t\t\t<div class=\"elementor-column-wrap elementor-element-populated\">\n\t\t\t\t\t\t\t<div class=\"elementor-widget-wrap\">\n\t\t\t\t\t\t<div class=\"elementor-element elementor-element-19714c2 elementor-widget elementor-widget-google_maps\" data-id=\"19714c2\" data-element_type=\"widget\" data-widget_type=\"google_maps.default\">\n\t\t\t\t<div class=\"elementor-widget-container\">\n\t\t\t\t\t<div class=\"elementor-custom-embed\">\n\t\t\t<iframe frameborder=\"0\" scrolling=\"no\" marginheight=\"0\" marginwidth=\"0\"\n\t\t\t\t\tsrc=\"https:\/\/maps.google.com\/maps?q=London%20Eye%2C%20Londres%2C%20Royaume-Uni&#038;t=m&#038;z=12&#038;output=embed&#038;iwloc=near\"\n\t\t\t\t\ttitle=\"London Eye, Londres, Royaume-Uni\"\n\t\t\t\t\taria-label=\"London Eye, Londres, Royaume-Uni\"\n\t\t\t><\/iframe>\n\t\t<\/div>\n\t\t\t\t<\/div>\n\t\t\t\t<\/div>\n\t\t\t\t\t\t<\/div>\n\t\t\t\t\t<\/div>\n\t\t<\/div>\n\t\t\t\t\t\t\t\t<\/div>\n\t\t\t\t\t<\/div>\n\t\t<\/section>\n\t\t\t\t<section class=\"elementor-section elementor-top-section elementor-element elementor-element-7a867fa elementor-section-boxed elementor-section-height-default elementor-section-height-default\" data-id=\"7a867fa\" data-element_type=\"section\">\n\t\t\t\t\t\t<div class=\"elementor-container elementor-column-gap-default\">\n\t\t\t\t\t\t\t<div class=\"elementor-row\">\n\t\t\t\t\t<div class=\"elementor-column elementor-col-100 elementor-top-column elementor-element elementor-element-d8c505c\" data-id=\"d8c505c\" data-element_type=\"column\">\n\t\t\t<div class=\"elementor-column-wrap elementor-element-populated\">\n\t\t\t\t\t\t\t<div class=\"elementor-widget-wrap\">\n\t\t\t\t\t\t<div class=\"elementor-element elementor-element-903615a elementor-pagination-position-outside elementor-widget elementor-widget-image-carousel\" data-id=\"903615a\" data-element_type=\"widget\" data-settings=\"{&quot;navigation&quot;:&quot;dots&quot;,&quot;autoplay&quot;:&quot;yes&quot;,&quot;pause_on_hover&quot;:&quot;yes&quot;,&quot;pause_on_interaction&quot;:&quot;yes&quot;,&quot;autoplay_speed&quot;:5000,&quot;infinite&quot;:&quot;yes&quot;,&quot;speed&quot;:500}\" data-widget_type=\"image-carousel.default\">\n\t\t\t\t<div class=\"elementor-widget-container\">\n\t\t\t\t\t<div class=\"elementor-image-carousel-wrapper swiper-container\" dir=\"ltr\">\n\t\t\t<div class=\"elementor-image-carousel swiper-wrapper\">\n\t\t\t\t\t\t\t\t<div class=\"swiper-slide\"><figure class=\"swiper-slide-inner\"><img decoding=\"async\" class=\"swiper-slide-image\" src=\"https:\/\/esmer-academy.org\/new\/wp-content\/uploads\/2019\/02\/quels-sont-les-bienfaits-de-la-montagne-l-ete-513-300x199.jpg\" alt=\"quels-sont-les-bienfaits-de-la-montagne-l-ete-513\" \/><\/figure><\/div><div class=\"swiper-slide\"><figure class=\"swiper-slide-inner\"><img decoding=\"async\" class=\"swiper-slide-image\" src=\"https:\/\/esmer-academy.org\/new\/wp-content\/uploads\/2019\/02\/Lac_183055298-300x200.jpg\" alt=\"Lac_183055298\" \/><\/figure><\/div><div class=\"swiper-slide\"><figure class=\"swiper-slide-inner\"><img decoding=\"async\" class=\"swiper-slide-image\" src=\"https:\/\/esmer-academy.org\/new\/wp-content\/uploads\/2019\/02\/DecouverteMontagne-F-300x121.jpg\" alt=\"DecouverteMontagne-F\" \/><\/figure><\/div><div class=\"swiper-slide\"><figure class=\"swiper-slide-inner\"><img decoding=\"async\" class=\"swiper-slide-image\" src=\"https:\/\/esmer-academy.org\/new\/wp-content\/uploads\/2019\/02\/881776-k2-copie-300x200.jpg\" alt=\"881776-k2-copie\" \/><\/figure><\/div>\t\t\t<\/div>\n\t\t\t\t\t\t\t\t\t\t\t\t<div class=\"swiper-pagination\"><\/div>\n\t\t\t\t\t\t\t\t\t\t\t\t\t<\/div>\n\t\t\t\t<\/div>\n\t\t\t\t<\/div>\n\t\t\t\t\t\t<\/div>\n\t\t\t\t\t<\/div>\n\t\t<\/div>\n\t\t\t\t\t\t\t\t<\/div>\n\t\t\t\t\t<\/div>\n\t\t<\/section>\n\t\t\t\t\t\t\t\t\t<\/div>\n\t\t\t<\/div>\n\t\t\t\t\t<\/div>\n\t\t","protected":false},"excerpt":{"rendered":"<p>Voici un exemple de page. Elle est diff\u00e9rente d&rsquo;un article de blog, en cela qu&rsquo;elle restera \u00e0 la m\u00eame place, et s&rsquo;affichera dans le menu de navigation de votre site (en fonction de votre th\u00e8me). La plupart des gens commencent par \u00e9crire une page \u00ab \u00c0 Propos \u00bb qui les pr\u00e9sente aux visiteurs potentiels du [&hellip;]<\/p>\n","protected":false},"author":1,"featured_media":48,"parent":0,"menu_order":0,"comment_status":"open","ping_status":"closed","template":"","meta":{"footnotes":""},"class_list":["post-2","page","type-page","status-publish","has-post-thumbnail","hentry"],"yoast_head":"<!-- This site is optimized with the Yoast SEO plugin v19.7.1 - https:\/\/yoast.com\/wordpress\/plugins\/seo\/ -->\n<title>Page accueil - ESMER ACADEMY<\/title>\n<meta name=\"robots\" content=\"index, follow, max-snippet:-1, max-image-preview:large, max-video-preview:-1\" \/>\n<link rel=\"canonical\" href=\"https:\/\/esmer-academy.org\/new\/page-d-exemple\/\" \/>\n<meta property=\"og:locale\" content=\"fr_FR\" \/>\n<meta property=\"og:type\" content=\"article\" \/>\n<meta property=\"og:title\" content=\"Page accueil - ESMER ACADEMY\" \/>\n<meta property=\"og:description\" content=\"Voici un exemple de page. Elle est diff\u00e9rente d&rsquo;un article de blog, en cela qu&rsquo;elle restera \u00e0 la m\u00eame place, et s&rsquo;affichera dans le menu de navigation de votre site (en fonction de votre th\u00e8me). La plupart des gens commencent par \u00e9crire une page \u00ab \u00c0 Propos \u00bb qui les pr\u00e9sente aux visiteurs potentiels du [&hellip;]\" \/>\n<meta property=\"og:url\" content=\"https:\/\/esmer-academy.org\/new\/page-d-exemple\/\" \/>\n<meta property=\"og:site_name\" content=\"ESMER ACADEMY\" \/>\n<meta property=\"article:modified_time\" content=\"2021-05-17T12:16:56+00:00\" \/>\n<meta property=\"og:image\" content=\"https:\/\/esmer-academy.org\/new\/wp-content\/uploads\/2019\/02\/Lac_183055298.jpg\" \/>\n\t<meta property=\"og:image:width\" content=\"1920\" \/>\n\t<meta property=\"og:image:height\" content=\"1278\" \/>\n\t<meta property=\"og:image:type\" content=\"image\/jpeg\" \/>\n<meta name=\"twitter:label1\" content=\"Dur\u00e9e de lecture estim\u00e9e\" \/>\n\t<meta name=\"twitter:data1\" content=\"3 minutes\" \/>\n<script type=\"application\/ld+json\" class=\"yoast-schema-graph\">{\"@context\":\"https:\/\/schema.org\",\"@graph\":[{\"@type\":\"WebPage\",\"@id\":\"https:\/\/esmer-academy.org\/new\/page-d-exemple\/\",\"url\":\"https:\/\/esmer-academy.org\/new\/page-d-exemple\/\",\"name\":\"Page accueil - ESMER ACADEMY\",\"isPartOf\":{\"@id\":\"https:\/\/esmer-academy.org\/new\/#website\"},\"datePublished\":\"2014-09-05T07:17:34+00:00\",\"dateModified\":\"2021-05-17T12:16:56+00:00\",\"breadcrumb\":{\"@id\":\"https:\/\/esmer-academy.org\/new\/page-d-exemple\/#breadcrumb\"},\"inLanguage\":\"fr-FR\",\"potentialAction\":[{\"@type\":\"ReadAction\",\"target\":[\"https:\/\/esmer-academy.org\/new\/page-d-exemple\/\"]}]},{\"@type\":\"BreadcrumbList\",\"@id\":\"https:\/\/esmer-academy.org\/new\/page-d-exemple\/#breadcrumb\",\"itemListElement\":[{\"@type\":\"ListItem\",\"position\":1,\"name\":\"Page accueil\"}]},{\"@type\":\"WebSite\",\"@id\":\"https:\/\/esmer-academy.org\/new\/#website\",\"url\":\"https:\/\/esmer-academy.org\/new\/\",\"name\":\"ESMER ACADEMY\",\"description\":\"\",\"publisher\":{\"@id\":\"https:\/\/esmer-academy.org\/new\/#organization\"},\"potentialAction\":[{\"@type\":\"SearchAction\",\"target\":{\"@type\":\"EntryPoint\",\"urlTemplate\":\"https:\/\/esmer-academy.org\/new\/?s={search_term_string}\"},\"query-input\":\"required name=search_term_string\"}],\"inLanguage\":\"fr-FR\"},{\"@type\":\"Organization\",\"@id\":\"https:\/\/esmer-academy.org\/new\/#organization\",\"name\":\"ESMER ACADEMY\",\"url\":\"https:\/\/esmer-academy.org\/new\/\",\"sameAs\":[],\"logo\":{\"@type\":\"ImageObject\",\"inLanguage\":\"fr-FR\",\"@id\":\"https:\/\/esmer-academy.org\/new\/#\/schema\/logo\/image\/\",\"url\":\"https:\/\/esmer-academy.org\/new\/wp-content\/uploads\/2023\/05\/logo.jpg\",\"contentUrl\":\"https:\/\/esmer-academy.org\/new\/wp-content\/uploads\/2023\/05\/logo.jpg\",\"width\":640,\"height\":640,\"caption\":\"ESMER ACADEMY\"},\"image\":{\"@id\":\"https:\/\/esmer-academy.org\/new\/#\/schema\/logo\/image\/\"}}]}<\/script>\n<!-- \/ Yoast SEO plugin. -->","yoast_head_json":{"title":"Page accueil - ESMER ACADEMY","robots":{"index":"index","follow":"follow","max-snippet":"max-snippet:-1","max-image-preview":"max-image-preview:large","max-video-preview":"max-video-preview:-1"},"canonical":"https:\/\/esmer-academy.org\/new\/page-d-exemple\/","og_locale":"fr_FR","og_type":"article","og_title":"Page accueil - ESMER ACADEMY","og_description":"Voici un exemple de page. Elle est diff\u00e9rente d&rsquo;un article de blog, en cela qu&rsquo;elle restera \u00e0 la m\u00eame place, et s&rsquo;affichera dans le menu de navigation de votre site (en fonction de votre th\u00e8me). La plupart des gens commencent par \u00e9crire une page \u00ab \u00c0 Propos \u00bb qui les pr\u00e9sente aux visiteurs potentiels du [&hellip;]","og_url":"https:\/\/esmer-academy.org\/new\/page-d-exemple\/","og_site_name":"ESMER ACADEMY","article_modified_time":"2021-05-17T12:16:56+00:00","og_image":[{"width":1920,"height":1278,"url":"https:\/\/esmer-academy.org\/new\/wp-content\/uploads\/2019\/02\/Lac_183055298.jpg","type":"image\/jpeg"}],"twitter_misc":{"Dur\u00e9e de lecture estim\u00e9e":"3 minutes"},"schema":{"@context":"https:\/\/schema.org","@graph":[{"@type":"WebPage","@id":"https:\/\/esmer-academy.org\/new\/page-d-exemple\/","url":"https:\/\/esmer-academy.org\/new\/page-d-exemple\/","name":"Page accueil - ESMER ACADEMY","isPartOf":{"@id":"https:\/\/esmer-academy.org\/new\/#website"},"datePublished":"2014-09-05T07:17:34+00:00","dateModified":"2021-05-17T12:16:56+00:00","breadcrumb":{"@id":"https:\/\/esmer-academy.org\/new\/page-d-exemple\/#breadcrumb"},"inLanguage":"fr-FR","potentialAction":[{"@type":"ReadAction","target":["https:\/\/esmer-academy.org\/new\/page-d-exemple\/"]}]},{"@type":"BreadcrumbList","@id":"https:\/\/esmer-academy.org\/new\/page-d-exemple\/#breadcrumb","itemListElement":[{"@type":"ListItem","position":1,"name":"Page accueil"}]},{"@type":"WebSite","@id":"https:\/\/esmer-academy.org\/new\/#website","url":"https:\/\/esmer-academy.org\/new\/","name":"ESMER ACADEMY","description":"","publisher":{"@id":"https:\/\/esmer-academy.org\/new\/#organization"},"potentialAction":[{"@type":"SearchAction","target":{"@type":"EntryPoint","urlTemplate":"https:\/\/esmer-academy.org\/new\/?s={search_term_string}"},"query-input":"required name=search_term_string"}],"inLanguage":"fr-FR"},{"@type":"Organization","@id":"https:\/\/esmer-academy.org\/new\/#organization","name":"ESMER ACADEMY","url":"https:\/\/esmer-academy.org\/new\/","sameAs":[],"logo":{"@type":"ImageObject","inLanguage":"fr-FR","@id":"https:\/\/esmer-academy.org\/new\/#\/schema\/logo\/image\/","url":"https:\/\/esmer-academy.org\/new\/wp-content\/uploads\/2023\/05\/logo.jpg","contentUrl":"https:\/\/esmer-academy.org\/new\/wp-content\/uploads\/2023\/05\/logo.jpg","width":640,"height":640,"caption":"ESMER ACADEMY"},"image":{"@id":"https:\/\/esmer-academy.org\/new\/#\/schema\/logo\/image\/"}}]}},"_links":{"self":[{"href":"https:\/\/esmer-academy.org\/new\/wp-json\/wp\/v2\/pages\/2","targetHints":{"allow":["GET"]}}],"collection":[{"href":"https:\/\/esmer-academy.org\/new\/wp-json\/wp\/v2\/pages"}],"about":[{"href":"https:\/\/esmer-academy.org\/new\/wp-json\/wp\/v2\/types\/page"}],"author":[{"embeddable":true,"href":"https:\/\/esmer-academy.org\/new\/wp-json\/wp\/v2\/users\/1"}],"replies":[{"embeddable":true,"href":"https:\/\/esmer-academy.org\/new\/wp-json\/wp\/v2\/comments?post=2"}],"version-history":[{"count":10,"href":"https:\/\/esmer-academy.org\/new\/wp-json\/wp\/v2\/pages\/2\/revisions"}],"predecessor-version":[{"id":83,"href":"https:\/\/esmer-academy.org\/new\/wp-json\/wp\/v2\/pages\/2\/revisions\/83"}],"wp:featuredmedia":[{"embeddable":true,"href":"https:\/\/esmer-academy.org\/new\/wp-json\/wp\/v2\/media\/48"}],"wp:attachment":[{"href":"https:\/\/esmer-academy.org\/new\/wp-json\/wp\/v2\/media?parent=2"}],"curies":[{"name":"wp","href":"https:\/\/api.w.org\/{rel}","templated":true}]}}